the greatest common factor of x and l?
6
Let i = 21976 - 21957. Calculate the greatest common factor of 3439 and i.
19
Let o = 31779 + 15496. Calculate the greatest common divisor of o and 31.
31
Suppose -925 = -o - 4*o. Suppose 1 = -3*r - 4*c, -113 + 147 = 6*r - c. What is the greatest common factor of r and o?
5
Let i = 46703 + -46655. Calculate the highest common factor of 564 and i.
12
Let f be ((-15)/(-10))/((-5)/(-10)). Let s be f - 32/12 - 47/(-3). What is the highest common divisor of s and 112?
16
Let w(j) = 3*j**2 - 8*j**2 + 0 + j**3 + j**2 + 2. Let g be w(4). Suppose s = -y + 3, y + 3 = g*y + 4*s. Calculate the greatest common divisor of y and 24.
3
Let k be -3 - -1*(-4 + 16). Suppose -3*u + k = m, -2*u + 4*m + 17 = -3. Let l(j) = 2*j + 9. Let n be l(u). Calculate the highest common factor of n and 51.
17
Let o(t) = -140*t + 44. Let b be o(-2). Calculate the highest common factor of 225 and b.
9
Let x(n) = -118*n - 5. Let h be x(-2). Let k be 6/(-18) + (-2000)/(-60). Calculate the highest common factor of k and h.
33
Suppose 2*h - 4 - 2 = -o, -h + 59 = 4*o. Suppose -8 + 40 = -16*d. Let u be (-15 - -3 - -4)*4/d. What is the greatest common divisor of u and o?
16
Suppose 21 - 62 = -2*q - x, 5*q = -3*x + 105. Suppose 32 + 166 = q*z. What is the greatest common factor of z and 759?
11
Let z = 493 + -491. Suppose -z*n - 5*b = -39, -2*n + 35 = -b + 2*b. What is the highest common factor of n and 17?
17
Suppose 22*r - 288 = -5*r - 21*r. Calculate the greatest common factor of 1800 and r.
6
Let b be 12/27*(-1125)/(-50). Let p be (3 + 1)/(b/255*3). Calculate the greatest common factor of p and 102.
34
Let n(u) = -39 + 21 + 44 - 10*u. Let i be n(4). Let f = 6 - i. What is the greatest common divisor of f and 50?
10
Let z = 52 + -46. Suppose 0 = -z*g + 3*g + 18. Suppose 2*h + 8 = 2*n - 30, -4*h - 4 = 0. What is the greatest common divisor of n and g?
6
Let m be 2/(-7) + 9592/56. Suppose -19*w = -29*w + 40. Let y be -5 + w + (-9)/((-27)/30). Calculate the greatest common divisor of m and y.
9
Suppose -10*w + 11*w - 34256 = -4*c, -32 = -4*w. What is the highest common factor of 30 and c?
6
Let g = 369 + -313. Suppose 0 = 7*y - g - 14. Calculate the greatest common divisor of 115 and y.
5
Suppose -730 = -4*b - 718. Suppose a + 4*a - 2*z = 55, 5*a - b*z - 55 = 0. Let n(d) = 4*d - 5. Let t be n(4). Calculate the highest common divisor of a and t.
11
Suppose h - 28 = 4*x, -h = -3*h - x + 20. Calculate the greatest common divisor of h and 417.
3
Let r = 4259 + -2147. Calculate the highest common divisor of 48 and r.
48
Let u = 15 + 13. Let i = 14 + -70. Let j be 16 - i - 1*2. What is the highest common factor of j and u?
14
Let c be (-3 + 1)/((-1)/2). Suppose -60 = -8*q + 3*q + 5*x, -c*q + 75 = 5*x. Calculate the highest common divisor of q and 15.
15
Let t(o) = -8*o + 10. Suppose 5*k + 14 - 54 = 0. Suppose -8 = 4*x + n + 4, -k = -3*x - 5*n. Let s be t(x). Calculate the greatest common factor of s and 14.
14
Suppose 2*q = -5*n - 236, 5*n + 2*q + 232 = -2*q. Let y be (4/3)/((-8)/n). What is the highest common divisor of 10 and y?
2
Suppose -2*g - 3*s + 376 = 392, 0 = -5*g - 4*s - 19. Calculate the greatest common factor of 2877 and g.
1
Let r = -2467 - -2479. Calculate the highest common factor of 1788 and r.
12
Let o = 621 - 397. Calculate the greatest common factor of 1376 and o.
32
Let a = -21324 + 21332. Let d = 7 + -4. Let b be (-8)/(2/((-24)/d)). Calculate the greatest common divisor of a and b.
8
Let l = -10 + 33. Suppose 3*w + 7 = f, -w + l = 5*f + 4. Suppose 2*r - 5*b = -3*r + 245, 4*b + f = 0. What is the greatest common factor of r and 32?
16
Let v = 13135 + -8152. What is the highest common factor of 33 and v?
33
Suppose u - 2*m - 84 = 3*m, 4*u = -2*m + 446. Suppose -3*w - 4*g = u, 0*w + 141 = -4*w - g. Let c = -23 - w. What is the greatest common divisor of 84 and c?
12
Suppose 3*r = -3*p + 32 - 8, 0 = 4*r - 20. Let t be p*3/((-9)/(-14)). Let z be 22*3/(6/7). What is the greatest common factor of t and z?
7
Let r = 2845 - 2614. Let z = 2 - -75. Calculate the greatest common divisor of z and r.
77
Suppose 2*y = -0*q + 5*q - 13, -5*q = -4*y - 11. Suppose q*r = 4*l - 59, -5*l + 37 = -4*r - 41. Let w = r + 92. What is the highest common divisor of w and 30?
15
Suppose -u + l - 6*l = -91, 2*l + 273 = 3*u. Let x be 476/35 - (-6)/(-10). Calculate the greatest common factor of u and x.
13
Let y(g) = -6*g**3 - 6*g**2 + 53*g + 267. Let q be y(-5). What is the highest common divisor of 448 and q?
14
Suppose 286 = -12*w + 25*w. What is the highest common divisor of w and 5654?
22
Let k be (-6726)/(-21) + (-4)/14. Let r = -78 - -80. Let j be (k/(-48))/(r/(-6)). Calculate the greatest common divisor of 140 and j.
20
Let r(p) = 24*p - 24. Let t be r(5). Suppose -420*f = -417*f - t. What is the highest common factor of f and 12?
4
Let u(m) = m**2 - 36*m + 331. Let g be u(29). Calculate the highest common factor of g and 3904.
64
Let u(x) = 94*x - 736. Let s be u(8). Let y be (1 - -143)*(-3 - -4). Calculate the greatest common divisor of y and s.
16
Let q = -33 + 40. Suppose s - 26 = 4*c, c + 16 + q = 3*s. Let w = 127 + -73. Calculate the greatest common factor of w and s.
6
Suppose 11 = -22*v + 547 - 52. Let g be ((-6)/(-9))/((-7)/(-924)). What is the highest common factor of v and g?
22
Suppose 3*o = 2 + 67. Let i(l) = 45*l - 351. Let f be i(8). Suppose -8*b + f = -o. What is the greatest common divisor of 44 and b?
4
Suppose 4*j = 3*j + 9. Suppose 14 = 3*d - 2*f, 0 = 2*d + 8*f - 9*f - 9. Let x be (3/(-9))/(d/(-12)). Calculate the highest common divisor of x and j.
1
Suppose 340 = -5*a + 800. Let v = a + -63. Let l = -129 + 245. Calculate the greatest common factor of v and l.
29
Suppose -u + 4*i = -222 - 10, 0 = -4*u - i + 894. Calculate the highest common divisor of u and 406.
14
Suppose 2808 = -20*g - 4932. Let o = -147 - g. What is the highest common factor of 15 and o?
15
Let s = 92 + -57. Let f = -248 - -418. Let l = 450 - f. Calculate the highest common factor of s and l.
35
Let m be (-1 - 0) + (-68 - -77). Suppose -87 = -2*a + 5*p, 3*p + 214 = 4*a + p. What is the greatest common factor of a and m?
8
Suppose -26349 - 17346 = 45*d. Let w = 1804 + d. Calculate the greatest common divisor of w and 49.
49
Suppose 13 = -6*j + j + m, -2*j = 2*m + 10. Let g be 2/((-1196)/(-396) + j). Suppose 3*q + g = 6*q. Calculate the greatest common factor of 22 and q.
11
Let h = -14543 - -15411. Calculate the greatest common divisor of h and 28.
28
Let m be -1 + 4 - 0/31. Suppose m*k - 2*t - 3*t - 65 = 0, -31 = -k + 4*t. Calculate the greatest common divisor of 105 and k.
15
Suppose 5*i + 84 - 17 = -3*h, 0 = i - 4*h + 18. Let g be (-8)/i - (-3 - 678/14). What is the highest common factor of g and 156?
52
Let s = 2920 - 2899. What is the greatest common divisor of s and 17409?
21
Let p be (1 - -1*(578 + -1)) + -756 + 750. What is the greatest common divisor of p and 20306?
286
Suppose -r = -78*z + 77*z - 9349, 3*r = -4*z + 28040. What is the highest common divisor of r and 76?
76
Let v be ((-110)/(-8) + -2)*8. Suppose -i = -x - 92, -i + v - 6 = x. Suppose -36*k - i = -38*k. What is the highest common divisor of 60 and k?
15
Let r(g) = -2*g**3 + 10*g**2 + 2*g - 4. Let p be r(8). Let l be (-2)/13 + 7*p/(-26). What is the highest common divisor of 75 and l?
25
Suppose 23*s - 25*s = -4*y + 214, 5*s + 40 = y. Calculate the highest common divisor of y and 440.
55
Let h = -34 + -72. Let i = h + 116. Calculate the greatest common factor of 14 and i.
2
Let i be 0 + -2 + (-2)/(12/(-126)). What is the greatest common factor of 13319 and i?
19
Let c(z) = 33*z**3 - 70*z**2 - 3*z + 25. Let u be c(7). What is the highest common divisor of 27 and u?
9
Let z be 2/(-6 + 4) + 46. Let v = z + -45. Suppose v*c + 12 = c. What is the highest common divisor of c and 36?
12
Let q(m) = -18*m**3 - 3*m**2 - 21*m + 47. Let g be q(-4). Calculate the highest common divisor of 130 and g.
65
Let d = 173 + -108. Suppose -n - 4 = 0, -16 = -2*b + 6*b + n. Let t be -5 - (-15)/((-3)/b). Calculate the highest common divisor of t and d.
5
Let y be 4/10*(37 - 22). Let x = 14 + 8. What is the greatest common divisor of x and y?
2
Let b = -1448 + 1778. Calculate the greatest common factor of 198 and b.
